{"id":10637,"date":"2020-09-12T15:22:40","date_gmt":"2020-09-12T13:22:40","guid":{"rendered":"https:\/\/baranowscy.eu\/wordpress\/?page_id=10637"},"modified":"2021-06-12T22:17:49","modified_gmt":"2021-06-12T20:17:49","slug":"ekologiczne-warsztaty-dla-dzieci","status":"publish","type":"page","link":"https:\/\/baranowscy.eu\/wordpress\/warsztaty\/ekologiczne-warsztaty-dla-dzieci\/","title":{"rendered":"Ekologiczne warsztaty dla dzieci"},"content":{"rendered":"<figure id=\"attachment_10638\" aria-describedby=\"caption-attachment-10638\" style=\"width: 600px\" class=\"wp-caption aligncenter\"><a href=\"https:\/\/baranowscy.eu\/wordpress\/wp-content\/uploads\/2020\/09\/warsztaty_dla_dzieci_1.jpg\"><img loading=\"lazy\" decoding=\"async\" class=\"size-full wp-image-10638\" src=\"https:\/\/baranowscy.eu\/wordpress\/wp-content\/uploads\/2020\/09\/warsztaty_dla_dzieci_1.jpg\" alt=\"Ekologiczne warsztaty dla dzieci\" width=\"600\" height=\"667\" \/><\/a><figcaption id=\"caption-attachment-10638\" class=\"wp-caption-text\">Ekologiczne warsztaty dla dzieci<\/figcaption><\/figure>\n<p><strong>Ekologiczne warsztaty dla dzieci to du\u017ce wyzwanie: \u017ceby nie znudzi\u0107 uczestniczek i uczestnik\u00f3w, zach\u0119ci\u0107 ich do udzia\u0142u i jeszcze przekaza\u0107 wiedz\u0119. Dlatego moje warsztaty s\u0105 zawsze bardzo r\u00f3\u017cnorodne, podzielone na cz\u0119\u015bci, \u017ceby dzieci mog\u0142y troch\u0119 podzia\u0142a\u0107, ale te\u017c popracowa\u0107 w skupieniu.<\/strong><\/p>\n<p>Prowadzi\u0142a warsztaty dla dzieci w r\u00f3\u017cnym wieku, od przedszkola do szko\u0142y podstawowej.<\/p>\n<p><strong>Mi\u0119dzy innymi by\u0142y to warsztaty dla:<\/strong><\/p>\n<ul>\n<li><a href=\"https:\/\/www.wck-wawer.pl\/marysin\/index\" target=\"_blank\" rel=\"noopener noreferrer\">Wawerskiego Centrum Kultury<\/a>,<\/li>\n<li><a href=\"https:\/\/www.dkkozienice.pl\/\" target=\"_blank\" rel=\"noopener noreferrer\">Kozienickiego Domu Kultury<\/a>.<\/li>\n<\/ul>\n<p>Mam bardzo du\u017co pomys\u0142\u00f3w na przeprowadzenie warsztat\u00f3w o tematyce ekologicznej, a dzieci maj\u0105 zwykle drugie tyle pomys\u0142\u00f3w na to, jak wykorzysta\u0107 moje propozycje.<\/p>\n<h2>Ekologiczne warsztaty dla dzieci<\/h2>\n<p><strong>Temat\u00f3w jest bez liku, a te, kt\u00f3re mog\u0119 \u015bmia\u0142o zaproponowa\u0107 na pocz\u0105tek, to:<\/strong><\/p>\n<ul>\n<li><a href=\"https:\/\/baranowscy.eu\/wordpress\/jak-zbudowac-hotel-dla-owadow-najczestsze-bledy\/\" target=\"_blank\" rel=\"noopener noreferrer\">Domki dla owad\u00f3w<\/a> &#8211; dlaczego dbamy o zapylacze?<\/li>\n<li><a href=\"https:\/\/baranowscy.eu\/wordpress\/jak-zrobic-kulki-nasienne\/\" target=\"_blank\" rel=\"noopener noreferrer\">Kulki i bomby nasienne<\/a> &#8211; zaziele\u0144my \u015bwiat doko\u0142a!<\/li>\n<li><a href=\"https:\/\/baranowscy.eu\/wordpress\/las-w-sloiku-zrob-go-dla-bliskich\/\" target=\"_blank\" rel=\"noopener noreferrer\">Las w s\u0142oiku<\/a> &#8211; obieg materii<\/li>\n<li>Prawid\u0142owa segregacja odpad\u00f3w &#8211; pi\u0119\u0107 frakcji, a ile atrakcji<\/li>\n<li>Kompostowanie dla ma\u0142ych i du\u017cych: poznaj si\u0119 z d\u017cd\u017cownicami<\/li>\n<li>i inne<\/li>\n<\/ul>\n<p><strong>Zaj\u0119cia trwaj\u0105 od 45 minut (dla jednej grupy) do kilku godzin (dla kilku grup).<\/strong><\/p>\n<p>Zapraszam do wsp\u00f3\u0142pracy! Wystawiam faktur\u0119 nievatowsk\u0105.<\/p>\n","protected":false},"excerpt":{"rendered":"<p>Ekologiczne warsztaty dla dzieci to du\u017ce wyzwanie: \u017ceby nie znudzi\u0107 uczestniczek i uczestnik\u00f3w, zach\u0119ci\u0107 ich do udzia\u0142u i jeszcze przekaza\u0107 wiedz\u0119. Dlatego moje warsztaty s\u0105&hellip;<\/p>\n","protected":false},"author":1,"featured_media":0,"parent":8561,"menu_order":0,"comment_status":"closed","ping_status":"closed","template":"","meta":{"footnotes":""},"class_list":["post-10637","page","type-page","status-publish","hentry"],"yoast_head":"<!-- This site is optimized with the Yoast SEO plugin v27.4 - https:\/\/yoast.com\/product\/yoast-seo-wordpress\/ -->\n<title>Ekologiczne warsztaty dla dzieci - organiczni.eu<\/title>\n<meta name=\"robots\" content=\"index, follow, max-snippet:-1, max-image-preview:large, max-video-preview:-1\" \/>\n<link rel=\"canonical\" href=\"https:\/\/baranowscy.eu\/wordpress\/warsztaty\/ekologiczne-warsztaty-dla-dzieci\/\" \/>\n<meta property=\"og:locale\" content=\"pl_PL\" \/>\n<meta property=\"og:type\" content=\"article\" \/>\n<meta property=\"og:title\" content=\"Ekologiczne warsztaty dla dzieci - organiczni.eu\" \/>\n<meta property=\"og:description\" content=\"Ekologiczne warsztaty dla dzieci to du\u017ce wyzwanie: \u017ceby nie znudzi\u0107 uczestniczek i uczestnik\u00f3w, zach\u0119ci\u0107 ich do udzia\u0142u i jeszcze przekaza\u0107 wiedz\u0119. Dlatego moje warsztaty s\u0105&hellip;\" \/>\n<meta property=\"og:url\" content=\"https:\/\/baranowscy.eu\/wordpress\/warsztaty\/ekologiczne-warsztaty-dla-dzieci\/\" \/>\n<meta property=\"og:site_name\" content=\"organiczni.eu\" \/>\n<meta property=\"article:publisher\" content=\"https:\/\/www.facebook.com\/organiczni\/\" \/>\n<meta property=\"article:modified_time\" content=\"2021-06-12T20:17:49+00:00\" \/>\n<meta property=\"og:image\" content=\"https:\/\/baranowscy.eu\/wordpress\/wp-content\/uploads\/2020\/09\/warsztaty_dla_dzieci_1.jpg\" \/>\n<meta name=\"twitter:card\" content=\"summary_large_image\" \/>\n<meta name=\"twitter:label1\" content=\"Szacowany czas czytania\" \/>\n\t<meta name=\"twitter:data1\" content=\"1 minuta\" \/>\n<script type=\"application\/ld+json\" class=\"yoast-schema-graph\">{\"@context\":\"https:\\\/\\\/schema.org\",\"@graph\":[{\"@type\":\"WebPage\",\"@id\":\"https:\\\/\\\/baranowscy.eu\\\/wordpress\\\/warsztaty\\\/ekologiczne-warsztaty-dla-dzieci\\\/\",\"url\":\"https:\\\/\\\/baranowscy.eu\\\/wordpress\\\/warsztaty\\\/ekologiczne-warsztaty-dla-dzieci\\\/\",\"name\":\"Ekologiczne warsztaty dla dzieci - organiczni.eu\",\"isPartOf\":{\"@id\":\"https:\\\/\\\/baranowscy.eu\\\/wordpress\\\/#website\"},\"primaryImageOfPage\":{\"@id\":\"https:\\\/\\\/baranowscy.eu\\\/wordpress\\\/warsztaty\\\/ekologiczne-warsztaty-dla-dzieci\\\/#primaryimage\"},\"image\":{\"@id\":\"https:\\\/\\\/baranowscy.eu\\\/wordpress\\\/warsztaty\\\/ekologiczne-warsztaty-dla-dzieci\\\/#primaryimage\"},\"thumbnailUrl\":\"https:\\\/\\\/baranowscy.eu\\\/wordpress\\\/wp-content\\\/uploads\\\/2020\\\/09\\\/warsztaty_dla_dzieci_1.jpg\",\"datePublished\":\"2020-09-12T13:22:40+00:00\",\"dateModified\":\"2021-06-12T20:17:49+00:00\",\"breadcrumb\":{\"@id\":\"https:\\\/\\\/baranowscy.eu\\\/wordpress\\\/warsztaty\\\/ekologiczne-warsztaty-dla-dzieci\\\/#breadcrumb\"},\"inLanguage\":\"pl-PL\",\"potentialAction\":[{\"@type\":\"ReadAction\",\"target\":[\"https:\\\/\\\/baranowscy.eu\\\/wordpress\\\/warsztaty\\\/ekologiczne-warsztaty-dla-dzieci\\\/\"]}]},{\"@type\":\"ImageObject\",\"inLanguage\":\"pl-PL\",\"@id\":\"https:\\\/\\\/baranowscy.eu\\\/wordpress\\\/warsztaty\\\/ekologiczne-warsztaty-dla-dzieci\\\/#primaryimage\",\"url\":\"https:\\\/\\\/baranowscy.eu\\\/wordpress\\\/wp-content\\\/uploads\\\/2020\\\/09\\\/warsztaty_dla_dzieci_1.jpg\",\"contentUrl\":\"https:\\\/\\\/baranowscy.eu\\\/wordpress\\\/wp-content\\\/uploads\\\/2020\\\/09\\\/warsztaty_dla_dzieci_1.jpg\",\"width\":1000,\"height\":667,\"caption\":\"Ekologiczne warsztaty dla dzieci\"},{\"@type\":\"BreadcrumbList\",\"@id\":\"https:\\\/\\\/baranowscy.eu\\\/wordpress\\\/warsztaty\\\/ekologiczne-warsztaty-dla-dzieci\\\/#breadcrumb\",\"itemListElement\":[{\"@type\":\"ListItem\",\"position\":1,\"name\":\"Strona g\u0142\u00f3wna\",\"item\":\"https:\\\/\\\/baranowscy.eu\\\/wordpress\\\/\"},{\"@type\":\"ListItem\",\"position\":2,\"name\":\"Warsztaty\",\"item\":\"https:\\\/\\\/baranowscy.eu\\\/wordpress\\\/warsztaty\\\/\"},{\"@type\":\"ListItem\",\"position\":3,\"name\":\"Ekologiczne warsztaty dla dzieci\"}]},{\"@type\":\"WebSite\",\"@id\":\"https:\\\/\\\/baranowscy.eu\\\/wordpress\\\/#website\",\"url\":\"https:\\\/\\\/baranowscy.eu\\\/wordpress\\\/\",\"name\":\"organiczni.eu\",\"description\":\"Najbardziej wszechstronny blog ekologiczny\",\"publisher\":{\"@id\":\"https:\\\/\\\/baranowscy.eu\\\/wordpress\\\/#organization\"},\"potentialAction\":[{\"@type\":\"SearchAction\",\"target\":{\"@type\":\"EntryPoint\",\"urlTemplate\":\"https:\\\/\\\/baranowscy.eu\\\/wordpress\\\/?s={search_term_string}\"},\"query-input\":{\"@type\":\"PropertyValueSpecification\",\"valueRequired\":true,\"valueName\":\"search_term_string\"}}],\"inLanguage\":\"pl-PL\"},{\"@type\":\"Organization\",\"@id\":\"https:\\\/\\\/baranowscy.eu\\\/wordpress\\\/#organization\",\"name\":\"organiczni.eu\",\"url\":\"https:\\\/\\\/baranowscy.eu\\\/wordpress\\\/\",\"logo\":{\"@type\":\"ImageObject\",\"inLanguage\":\"pl-PL\",\"@id\":\"https:\\\/\\\/baranowscy.eu\\\/wordpress\\\/#\\\/schema\\\/logo\\\/image\\\/\",\"url\":\"https:\\\/\\\/baranowscy.eu\\\/wordpress\\\/wp-content\\\/uploads\\\/2018\\\/01\\\/logo_duze.png\",\"contentUrl\":\"https:\\\/\\\/baranowscy.eu\\\/wordpress\\\/wp-content\\\/uploads\\\/2018\\\/01\\\/logo_duze.png\",\"width\":1398,\"height\":300,\"caption\":\"organiczni.eu\"},\"image\":{\"@id\":\"https:\\\/\\\/baranowscy.eu\\\/wordpress\\\/#\\\/schema\\\/logo\\\/image\\\/\"},\"sameAs\":[\"https:\\\/\\\/www.facebook.com\\\/organiczni\\\/\",\"https:\\\/\\\/www.instagram.com\\\/organiczni.eu\\\/\"]}]}<\/script>\n<!-- \/ Yoast SEO plugin. -->","yoast_head_json":{"title":"Ekologiczne warsztaty dla dzieci - organiczni.eu","robots":{"index":"index","follow":"follow","max-snippet":"max-snippet:-1","max-image-preview":"max-image-preview:large","max-video-preview":"max-video-preview:-1"},"canonical":"https:\/\/baranowscy.eu\/wordpress\/warsztaty\/ekologiczne-warsztaty-dla-dzieci\/","og_locale":"pl_PL","og_type":"article","og_title":"Ekologiczne warsztaty dla dzieci - organiczni.eu","og_description":"Ekologiczne warsztaty dla dzieci to du\u017ce wyzwanie: \u017ceby nie znudzi\u0107 uczestniczek i uczestnik\u00f3w, zach\u0119ci\u0107 ich do udzia\u0142u i jeszcze przekaza\u0107 wiedz\u0119. Dlatego moje warsztaty s\u0105&hellip;","og_url":"https:\/\/baranowscy.eu\/wordpress\/warsztaty\/ekologiczne-warsztaty-dla-dzieci\/","og_site_name":"organiczni.eu","article_publisher":"https:\/\/www.facebook.com\/organiczni\/","article_modified_time":"2021-06-12T20:17:49+00:00","og_image":[{"url":"https:\/\/baranowscy.eu\/wordpress\/wp-content\/uploads\/2020\/09\/warsztaty_dla_dzieci_1.jpg","type":"","width":"","height":""}],"twitter_card":"summary_large_image","twitter_misc":{"Szacowany czas czytania":"1 minuta"},"schema":{"@context":"https:\/\/schema.org","@graph":[{"@type":"WebPage","@id":"https:\/\/baranowscy.eu\/wordpress\/warsztaty\/ekologiczne-warsztaty-dla-dzieci\/","url":"https:\/\/baranowscy.eu\/wordpress\/warsztaty\/ekologiczne-warsztaty-dla-dzieci\/","name":"Ekologiczne warsztaty dla dzieci - organiczni.eu","isPartOf":{"@id":"https:\/\/baranowscy.eu\/wordpress\/#website"},"primaryImageOfPage":{"@id":"https:\/\/baranowscy.eu\/wordpress\/warsztaty\/ekologiczne-warsztaty-dla-dzieci\/#primaryimage"},"image":{"@id":"https:\/\/baranowscy.eu\/wordpress\/warsztaty\/ekologiczne-warsztaty-dla-dzieci\/#primaryimage"},"thumbnailUrl":"https:\/\/baranowscy.eu\/wordpress\/wp-content\/uploads\/2020\/09\/warsztaty_dla_dzieci_1.jpg","datePublished":"2020-09-12T13:22:40+00:00","dateModified":"2021-06-12T20:17:49+00:00","breadcrumb":{"@id":"https:\/\/baranowscy.eu\/wordpress\/warsztaty\/ekologiczne-warsztaty-dla-dzieci\/#breadcrumb"},"inLanguage":"pl-PL","potentialAction":[{"@type":"ReadAction","target":["https:\/\/baranowscy.eu\/wordpress\/warsztaty\/ekologiczne-warsztaty-dla-dzieci\/"]}]},{"@type":"ImageObject","inLanguage":"pl-PL","@id":"https:\/\/baranowscy.eu\/wordpress\/warsztaty\/ekologiczne-warsztaty-dla-dzieci\/#primaryimage","url":"https:\/\/baranowscy.eu\/wordpress\/wp-content\/uploads\/2020\/09\/warsztaty_dla_dzieci_1.jpg","contentUrl":"https:\/\/baranowscy.eu\/wordpress\/wp-content\/uploads\/2020\/09\/warsztaty_dla_dzieci_1.jpg","width":1000,"height":667,"caption":"Ekologiczne warsztaty dla dzieci"},{"@type":"BreadcrumbList","@id":"https:\/\/baranowscy.eu\/wordpress\/warsztaty\/ekologiczne-warsztaty-dla-dzieci\/#breadcrumb","itemListElement":[{"@type":"ListItem","position":1,"name":"Strona g\u0142\u00f3wna","item":"https:\/\/baranowscy.eu\/wordpress\/"},{"@type":"ListItem","position":2,"name":"Warsztaty","item":"https:\/\/baranowscy.eu\/wordpress\/warsztaty\/"},{"@type":"ListItem","position":3,"name":"Ekologiczne warsztaty dla dzieci"}]},{"@type":"WebSite","@id":"https:\/\/baranowscy.eu\/wordpress\/#website","url":"https:\/\/baranowscy.eu\/wordpress\/","name":"organiczni.eu","description":"Najbardziej wszechstronny blog ekologiczny","publisher":{"@id":"https:\/\/baranowscy.eu\/wordpress\/#organization"},"potentialAction":[{"@type":"SearchAction","target":{"@type":"EntryPoint","urlTemplate":"https:\/\/baranowscy.eu\/wordpress\/?s={search_term_string}"},"query-input":{"@type":"PropertyValueSpecification","valueRequired":true,"valueName":"search_term_string"}}],"inLanguage":"pl-PL"},{"@type":"Organization","@id":"https:\/\/baranowscy.eu\/wordpress\/#organization","name":"organiczni.eu","url":"https:\/\/baranowscy.eu\/wordpress\/","logo":{"@type":"ImageObject","inLanguage":"pl-PL","@id":"https:\/\/baranowscy.eu\/wordpress\/#\/schema\/logo\/image\/","url":"https:\/\/baranowscy.eu\/wordpress\/wp-content\/uploads\/2018\/01\/logo_duze.png","contentUrl":"https:\/\/baranowscy.eu\/wordpress\/wp-content\/uploads\/2018\/01\/logo_duze.png","width":1398,"height":300,"caption":"organiczni.eu"},"image":{"@id":"https:\/\/baranowscy.eu\/wordpress\/#\/schema\/logo\/image\/"},"sameAs":["https:\/\/www.facebook.com\/organiczni\/","https:\/\/www.instagram.com\/organiczni.eu\/"]}]}},"jetpack_sharing_enabled":true,"_links":{"self":[{"href":"https:\/\/baranowscy.eu\/wordpress\/wp-json\/wp\/v2\/pages\/10637","targetHints":{"allow":["GET"]}}],"collection":[{"href":"https:\/\/baranowscy.eu\/wordpress\/wp-json\/wp\/v2\/pages"}],"about":[{"href":"https:\/\/baranowscy.eu\/wordpress\/wp-json\/wp\/v2\/types\/page"}],"author":[{"embeddable":true,"href":"https:\/\/baranowscy.eu\/wordpress\/wp-json\/wp\/v2\/users\/1"}],"replies":[{"embeddable":true,"href":"https:\/\/baranowscy.eu\/wordpress\/wp-json\/wp\/v2\/comments?post=10637"}],"version-history":[{"count":2,"href":"https:\/\/baranowscy.eu\/wordpress\/wp-json\/wp\/v2\/pages\/10637\/revisions"}],"predecessor-version":[{"id":11827,"href":"https:\/\/baranowscy.eu\/wordpress\/wp-json\/wp\/v2\/pages\/10637\/revisions\/11827"}],"up":[{"embeddable":true,"href":"https:\/\/baranowscy.eu\/wordpress\/wp-json\/wp\/v2\/pages\/8561"}],"wp:attachment":[{"href":"https:\/\/baranowscy.eu\/wordpress\/wp-json\/wp\/v2\/media?parent=10637"}],"curies":[{"name":"wp","href":"https:\/\/api.w.org\/{rel}","templated":true}]}}